3*z - 150. Calculate the remainder when x is divided by 10.
7
Suppose 0*l - l = 5*v - 68, -24 = -3*v + 5*l. What is the remainder when 24 is divided by v?
11
Let f = 136 - 120. What is the remainder when 45 is divided by f?
13
Suppose z - 4*u - 1 = -4, -z - 3 = -3*u. Calculate the remainder when 30 is divided by (-46)/z + (-2)/(-3).
14
Suppose 3*w = -1 - 23. Suppose 0*i + 2*i = a - 26, -i = -a + 26. Let z = w + a. What is the remainder when 33 is divided by z?
15
Let y be (19/3)/((-1)/(-3)). Let o = 31 - y. What is the remainder when 34 is divided by o?
10
Let v(h) = 19*h - 5. Let g be v(5). Suppose 0 = 3*s + 2*s - g. Suppose -5*t - 57 = -u, -197 = -4*u + 2*t + 13. Calculate the remainder when u is divided by s.
16
Suppose -5*l + 12 = -l. Suppose 0 = 5*p - 3*q - 206, 0*p + 50 = p - 5*q. What is the remainder when p is divided by (2 - l - -4) + 11?
12
Let k = 17 + -1. Let b = 1 - -5. What is the remainder when k is divided by b?
4
Suppose -3*b + 2*b = 0. Let h(u) = u**3 - u**2 - u + 2. Let l be h(b). What is the remainder when (-1)/(l*(-1)/44) is divided by 8?
6
Let w(f) = -f**3 + 16*f**2 - 14*f - 5. Calculate the remainder when w(15) is divided by 6.
4
Let s(p) = p**2 - 1 - 4*p + 3 + 2*p**2 - 4*p**2. Let h be s(-5). What is the remainder when 16 is divided by (-29)/h + (-6)/9?
7
Let k = 37 + -15. Suppose 2*i - k = -3*g, 0 = -0*i - 5*i + 25. Suppose -148 = -g*h - 20. Calculate the remainder when h is divided by 17.
15
Let x = 19 + -5. Suppose 14 + x = 2*g. Suppose 12 = b - g. What is the remainder when b is divided by 9?
8
Let x(q) be the third derivative of q**5/60 + 3*q**4/8 + 11*q**3/6 - 6*q**2. What is the remainder when 32 is divided by x(-9)?
10
Suppose -12*r = -155 - 13. Calculate the remainder when 97 is divided by r.
13
Let c(p) = -2*p + 31. Calculate the remainder when 37 is divided by c(9).
11
Suppose -2*w = -4*y + 4, -5*y = w - 2*y - 23. Let a(h) = 3*h**2 - 8*h + 4. Calculate the remainder when a(5) is divided by w.
7
Let a = -1 + 5. Let j(d) = d**3 + d. Let g(p) = -4*p**2 + 3*p - 6. Let o(r) = g(r) + j(r). Calculate the remainder when 38 is divided by o(a).
8
Let s = 17 + -4. Let t = s - 8. Calculate the remainder when 16 is divided by (2 + t)/1 + -1.
4
Let b(q) = -2*q**2 + 3*q - 4. Let v be b(4). Let f = 41 + v. Calculate the remainder when 49 is divided by f.
15
Let t = -7 + 12. Calculate the remainder when t is divided by 3.
2
Let n = 3 - -3. What is the remainder when (-47)/(-3) + (-4)/n is divided by 5?
0
Let j = 2 + 0. Suppose -6*r + 58 = 2*b - r, -4 = j*r. What is the remainder when b is divided by 18?
16
Let u(y) = -2*y**3 + 12*y**2 + 7*y + 3. Calculate the remainder when u(6) is divided by 8.
5
Let k = -35 + 63. Suppose 3*q - 98 = 148. What is the remainder when q is divided by k?
26
Let q = 24 + -21. Calculate the remainder when 10 is divided by q.
1
Let o be 2*1/((-2)/(-3)). Suppose -5*g = 2*j + 56, 6*g = g + o*j - 66. Let h = 33 + g. What is the remainder when 62 is divided by h?
20
Let j(t) = t**2 - 1. Let k(r) = r**2 + 5*r - 2. Let a be k(-6). Calculate the remainder when j(a) is divided by 4.
3
Suppose u - 2*z = 10 + 2, u + z = 6. Let r = u + 7. Calculate the remainder when 41 is divided by r.
11
Let d(j) = j**3 + 7*j**2 - 6*j + 3. Let h(v) = v. Let c(x) = d(x) + 6*h(x). What is the remainder when 4 is divided by c(-7)?
1
Let b = 48 - 43. What is the remainder when 38 is divided by b?
3
Suppose 0 = -a - 0*a - 17. Let y = a - -24. Let u = -12 - -24. Calculate the remainder when u is divided by y.
5
Let j = 48 + -45. What is the remainder when 12 is divided by j?
0
Let f = -5 - -5. Suppose f = -4*n + 2 + 22. Suppose 5*h - n = -4*v - 0*h, 2*v - 18 = 5*h. Calculate the remainder when v is divided by 2.
0
Suppose 0*b = -b - 80. Suppose -4*g - 4 - 13 = a, 2*g - 4*a = -22. What is the remainder when b/(-2)*(-2)/g is divided by 9?
7
Let c = 48 + -93. Let n = 90 + c. Suppose -6*s = -s - n. Calculate the remainder when s is divided by 5.
4
Let h = 28 - 16. What is the remainder when -3*(-195)/9 - -4 is divided by h?
9
Calculate the remainder when 3/(-2)*20/(-15) is divided by 2.
0
Calculate the remainder when 5*(14/(-3))/(70/(-168)) is divided by 15.
11
Suppose -29 = 2*u - 7. Let g(b) = -b. Let y(h) = -3*h**3 + 2*h**2 - 1. Calculate the remainder when g(u) is divided by y(-1).
3
Let l(q) = 13*q - 6. Let h be l(5). Suppose -81 = -5*d + h. What is the remainder when d is divided by ((-10)/3)/((-1)/3)?
8
Suppose -3*a + 8*a + 15 = 0, 45 = 3*f - 4*a. Let w = -3 + 3. Suppose -3*d - 2*d + 5*u = -120, -u - 4 = w. What is the remainder when d is divided by f?
9
Let k be ((-24)/(-10))/((-9)/(-60)). Suppose -2*l + 54 = -k. What is the remainder when l is divided by 12?
11
Let o(b) = -b**3 - b**2 + 2*b + 12. What is the remainder when 35 is divided by o(0)?
11
Suppose -2*t + 26 = 3*z + z, 0 = 3*t - 2*z + 1. Calculate the remainder when 81*(4/t + -1) is divided by 10.
7
Let p = 42 - -13. Suppose 10*q = 14*q - 76. What is the remainder when p is divided by q?
17
Let g be (16/4)/(2*1). Let k be (-1)/3 + g/(-3). What is the remainder when 1/(k/(-6)) - 1 is divided by 3?
2
Let g(m) = m**3 + 7*m**2 - 3*m + 8. What is the remainder when g(-6) is divided by 16?
14
Suppose 4 = -o - 0*o, 3*o - 1266 = -3*k. Suppose 5*l + 76 = k. Calculate the remainder when l is divided by 24.
22
Let c = 25 - 15. Calculate the remainder when 25 is divided by c.
5
What is the remainder when 0 + (41 - -2) + 0 is divided by 23?
20
Let b be 4/(-14) + (-108)/14. Let i be b/(-2) + (3 - 5). Suppose i*g - 6*g = -88. Calculate the remainder when 64 is divided by g.
20
Let j(n) = n**3 + 8*n**2 + 4*n + 22. Let k = 3 - 0. Calculate the remainder when j(-7) is divided by (k - 2)*17 - 2.
13
Let d = 11 + 19. Let y = -18 + d. Let q(a) = a + 23. Calculate the remainder when q(0) is divided by y.
11
Suppose -3*h = -2*h + 6. Let t(g) = -2*g - 23. What is the remainder when (-2)/(-3) - 146/h is divided by t(-18)?
12
Let n(f) = -5*f + 5. Calculate the remainder when 39 is divided by n(-2).
9
Calculate the remainder when 34 is divided by 2 + (-40)/(-4) - 3.
7
Let p(r) = r**2 + 2*r + 2. What is the remainder when p(-7) is divided by 5?
2
Let q be 9/(3 - 6) - -3. Suppose q = 2*r - 132 - 2. Calculate the remainder when r is divided by 23.
21
Suppose j = 6*j - 80. Let z = 7 - 1. Let g = 3 + z. Calculate the remainder when j is divided by g.
7
Let y be 3*1 - 20/20. Suppose -3*n + 19 = -r - 3*r, 2*n - y*r - 16 = 0. What is the remainder when 36 is divided by n?
10
Let k(b) = -2*b - 2. Let r be k(-2). Suppose -r*d + 109 = 17. What is the remainder when d is divided by 16?
14
Let h(s) = -5*s + 3*s + 3*s + 9. Let q be h(0). Suppose 2*w - q = 35. What is the remainder when w is divided by 8?
6
Calculate the remainder when (21/(-9))/((-1)/3) is divided by 2.
1
Let u(x) = 21*x**2 - 4*x - 3. Let f be u(-2). Let d = -62 + f. Suppose 4*s - 17 - 11 = 0. What is the remainder when d is divided by s?
6
Calculate the remainder when 140 is divided by (81/(-6))/((-6)/16).
32
Suppose 4*i - 4 = 0, -f + 2*i - 17 = 4*f. Let m(o) = -o**3 - 4*o**2 - 3*o + 4. Let l = 10 + -4. What is the remainder when l is divided by m(f)?
2
Let f(l) = 5*l + 7. Let c(n) = -n - 1. Let x(j) = 6*c(j) + f(j). Calculate the remainder when 45 is divided by x(-11).
9
Suppose -4*o + 4*h + 120 + 64 = 0, 4*o - 5*h = 180. Let q = -11 - -34. Calculate the remainder when 660/o*10/3 is divided by q.
21
Let q = 66 + -34. Let m = 23 - q. Let d = m + 15. What is the remainder when 16 is divided by d?
4
Let u be -20 - (-1 - -3)*-1. Calculate the remainder when 52 is divided by (-5 - -7)/((-2)/u).
16
Let y = 51 - 26. Suppose 4*k - 21 = -7*t + 2*t, -k - t = -5. Suppose 29 = 2*u + 3*p, 5*u + k*p = p + 68. What is the remainder when y is divided by u?
12
Let s(i) = 4*i - 5. Calculate the remainder when 7 is divided by s(2).
1
Let r = -58 + 103. What is the remainder when r is divided by 24?
21
Let l(n) be the third derivative of n**6/120 - n**5/60 + n**4/8 + 2*n**3/3 - 2*n**2. Calculate the remainder when l(4) is divided by 22.
20
Let m be 3*(0 + (2 - 1)). Suppose -6 - 9 = -m*y. Suppose 2*b - y - 9 = 0. Calculate the remainder when 12 is divided by b.
5
Let f(w) = -4*w + 4. Let v be f(-4). What is the remainder when ((-24)/v)/((-6)/20) is divided 